5, 11
List the prime factors of 44230.
2, 5, 4423
What are the prime factors of 3172?
2, 13, 61
List the prime factors of 1642.
2, 821
List the prime factors of 36118.
2, 18059
List the prime factors of 453.
3, 151
What are the prime factors of 285?
3, 5, 19
List the prime factors of 13687.
13687
List the prime factors of 846.
2, 3, 47
What are the prime factors of 8986?
2, 4493
What are the prime factors of 307?
307
List the prime factors of 515.
5, 103
What are the prime factors of 49846?
2, 24923
What are the prime factors of 5407?
5407
What are the prime factors of 711?
3, 79
List the prime factors of 248.
2, 31
List the prime factors of 27466.
2, 31, 443
What are the prime factors of 20348?
2, 5087
List the prime factors of 16847.
17, 991
What are the prime factors of 93582?
2, 3, 1733
List the prime factors of 150043.
19, 53, 149
List the prime factors of 6857.
6857
What are the prime factors of 1718?
2, 859
List the prime factors of 1183.
7, 13
List the prime factors of 110024.
2, 17, 809
List the prime factors of 28692.
2, 3, 797
What are the prime factors of 3196?
2, 17, 47
What are the prime factors of 36319?
36319
What are the prime factors of 189?
3, 7
What are the prime factors of 2565?
3, 5, 19
What are the prime factors of 30841?
30841
What are the prime factors of 515?
5, 103
What are the prime factors of 309?
3, 103
List the prime factors of 18734.
2, 17, 19, 29
What are the prime factors of 1093?
1093
List the prime factors of 3840.
2, 3, 5
List the prime factors of 649.
11, 59
List the prime factors of 16092.
2, 3, 149
What are the prime factors of 7126?
2, 7, 509
What are the prime factors of 37158?
2, 3, 11, 563
List the prime factors of 302.
2, 151
What are the prime factors of 12686?
2, 6343
List the prime factors of 31868.
2, 31, 257
List the prime factors of 92028.
2, 3, 7669
What are the prime factors of 1069?
1069
List the prime factors of 6364.
2, 37, 43
List the prime factors of 1536.
2, 3
List the prime factors of 903.
3, 7, 43
List the prime factors of 11308.
2, 11, 257
What are the prime factors of 708?
2, 3, 59
List the prime factors of 9233.
7, 1319
List the prime factors of 1007.
19, 53
List the prime factors of 1894.
2, 947
What are the prime factors of 450?
2, 3, 5
List the prime factors of 74972.
2, 18743
What are the prime factors of 52572?
2, 3, 13, 337
What are the prime factors of 7925?
5, 317
What are the prime factors of 338?
2, 13
List the prime factors of 50837.
29, 1753
List the prime factors of 838.
2, 419
What are the prime factors of 11728?
2, 733
List the prime factors of 438.
2, 3, 73
List the prime factors of 10100.
2, 5, 101
What are the prime factors of 5076?
2, 3, 47
List the prime factors of 251.
251
List the prime factors of 18536.
2, 7, 331
List the prime factors of 25388.
2, 11, 577
List the prime factors of 2126.
2, 1063
What are the prime factors of 6295?
5, 1259
What are the prime factors of 15477?
3, 7, 11, 67
What are the prime factors of 1925?
5, 7, 11
List the prime factors of 40515.
3, 5, 37, 73
List the prime factors of 705.
3, 5, 47
List the prime factors of 3176.
2, 397
List the prime factors of 241.
241
List the prime factors of 982.
2, 491
What are the prime factors of 2914?
2, 31, 47
What are the prime factors of 644?
2, 7, 23
List the prime factors of 1474.
2, 11, 67
What are the prime factors of 743?
743
What are the prime factors of 45481?
45481
What are the prime factors of 39132?
2, 3, 1087
List the prime factors of 8730.
2, 3, 5, 97
What are the prime factors of 6017?
11, 547
What are the prime factors of 43578?
2, 3, 269
What are the prime factors of 16463?
101, 163
List the prime factors of 712.
2, 89
List the prime factors of 10214.
2, 5107
List the prime factors of 1542.
2, 3, 257
List the prime factors of 2043.
3, 227
What are the prime factors of 8743?
7, 1249
List the prime factors of 245.
5, 7
List the prime factors of 28570.
2, 5, 2857
List the prime factors of 2327.
13, 179
What are the prime factors of 428?
2, 107
What are the prime factors of 1952?
2, 61
List the prime factors of 23522.
2, 19, 619
What are the prime factors of 8385?
3, 5, 13, 43
List the prime factors of 142.
2, 71
List the prime factors of 62436.
2, 3, 11, 43
What are the prime factors of 395?
5, 79
List the prime factors of 4361.
7, 89
What are the prime factors of 11684?
2, 23, 127
What are the prime factors of 79163?
7, 43, 263
What are the prime factors of 5878?
2, 2939
What are the prime factors of 34134?
2, 3, 5689
What are the prime factors of 113813?
7, 71, 229
What are the prime factors of 36749?
36749
List the prime factors of 16619.
16619
List the prime factors of 4752.
2, 3, 11
List the prime factors of 1044.
2, 3, 29
List the prime factors of 2137.
2137
List the prime factors of 35290.
2, 5, 3529
List the prime factors of 27196.
2, 13, 523
List the prime factors of 3650.
2, 5, 73
What are the prime factors of 20804?
2, 7, 743
What are the prime factors of 2613?
3, 13, 67
List the prime factors of 1852.
2, 463
What are the prime factors of 27089?
103, 263
List the prime factors of 5540.
2, 5, 277
What are the prime factors of 13362?
2, 3, 17, 131
List the prime factors of 3609.
3, 401
List the prime factors of 837.
3, 31
What are the prime factors of 825?
3, 5, 11
What are the prime factors of 19948?
2, 4987
List the prime factors of 574.
2, 7, 41
What are the prime factors of 49883?
83, 601
What are the prime factors of 6131?
6131
What are the prime factors of 96112?
2, 6007
List the prime factors of 1411.
17, 83
List the prime factors of 89661.
3, 11, 13, 19
List the prime factors of 1879.
1879
What are the prime factors of 6911?
6911
List the prime factors of 798.
2, 3, 7, 19
What are the prime factors of 61608?
2, 3, 17, 151
List the prime factors of 2983.
19, 157
List the prime factors of 8196.
2, 3, 683
List the prime factors of 445.
5, 89
List the prime factors of 1743.
3, 7, 83
What are the prime factors of 2863?
7, 409
List the prime factors of 1323.
3, 7
List the prime factors of 9425.
5, 13, 29
List the prime factors of 4350.
2, 3, 5, 29
What are the prime factors of 663?
3, 13, 17
List the prime factors of 2972.
2, 743
List the prime factors of 661.
661
What are the prime factors of 2556?
2, 3, 71
List the prime factors of 181.
181
List the prime factors of 10299.
3, 3433
What are the prime factors of 55701?
3, 2063
What are the prime factors of 44042?
2, 19, 61
What are the prime factors of 8086?
2, 13, 311
What are the prime factors of 2305?
5, 461
List the prime factors of 51526.
2, 25763
What are the prime factors of 1438?
2, 719
What are the prime factors of 1975?
5, 79
What are the prime factors of 33413?
33413
What are the prime factors of 336?
2, 3, 7
What are the prime factors of 71808?
2, 3, 11, 17
List the prime factors of 1217.
1217
What are the prime factors of 380?
2, 5, 19
What are the prime factors of 1108?
2, 277
What are the prime factors of 9?
3
List the prime factors of 578.
2, 17
List the prime factors of 224.
2, 7
List the prime factors of 129279.
3, 43093
List the prime factors of 2211.
3, 11, 67
What are the prime factors of 2296?
2, 7, 41
List the prime factors of 44095.
5, 8819
List the prime factors of 24657.
3, 8219
List the prime factors of 1797.
3, 599
What are the prime factors of 773?
773
List the prime factors of 167.
167
What are the prime factors of 1890?
2, 3, 5, 7
What are the prime factors of 11793?
3, 3931
List the prime factors of 88299.
3, 9811
List the prime factors of 33245.
5, 61, 109
List the prime factors of 38.
2, 19
What are the prime factors of 16644?
2, 3, 19, 73
List the prime factors of 6009.
3, 2003
What are the prime factors of 1733?
1733
List the prime factors of 1688.
2, 211
What are the prime factors of 1712?
2, 107
What are the prime factors of 32621?
32621
List the prime factors of 7404.
2, 3, 617
What are the prime factors of 19862?
2, 9931
What are the prime factors of 2555?
5, 7, 73
List the prime factors of 3546.
2, 3, 197
List the prime factors of 22544.
2, 1409
What are the prime factors of 1115?
5, 223
List the prime factors of 6575.
5, 263
What are the prime factors of 9491?
9491
List the prime factors of 378.
2, 3, 7
List the prime factors of 42990.
2, 3, 5, 1433
What are the prime factors 